s j(q) composite?
True
Suppose -15 = -3*c, 0 = 2*k + 7*c - 2*c - 35. Suppose -2381 = -2*p - k*s, -264 = p - 5*s - 1462. Is p a composite number?
False
Let d = -14708 + 22317. Is d a composite number?
True
Is (-4 - -2)*75128/(-16) a prime number?
True
Suppose 0 = 4*y + 2*n + 24, 0*y - 2*n = -y + 4. Let h = y - -8. Suppose -755 = -m + 4*p, h*p - 2960 = -2*m - 2*m. Is m a prime number?
True
Let m = -1 - -4. Let f(i) = 36*i**2 + 5*i - 8. Is f(m) a composite number?
False
Is ((-7)/(-12) + (-15)/180)*524 a prime number?
False
Let x = 14992 - -3345. Is x a prime number?
False
Let q = 31 - 21. Let u(g) be the third derivative of g**4/8 + 7*g**3/2 + 194*g**2. Is u(q) a composite number?
True
Let r = 57 + -61. Is 10 - -347 - 4*(-2)/r a prime number?
False
Let r = -9 + 11. Suppose 4*b = -3*g - 0 + 10, 2 = r*b. Suppose 4*n - 256 = -2*l, 321 = 5*n + 4*l - g*l. Is n prime?
False
Suppose -3*r + 4*y = -24, -4*r + 4 = 3*y - 3. Suppose 0 = 5*u + 20, -8*u = -4*s - r*u + 1820. Is s prime?
False
Let h = -56 - -54. Is 9972/8 - ((-5)/h - 3) composite?
True
Let i = 4808 + -2451. Is i a composite number?
False
Suppose -4*l + 12*l - 192 = 0. Let c be 12/l + 2/(-4). Suppose c = -4*y - 8, -b + 2*y + 317 = -3*y. Is b a prime number?
True
Let b(l) = 10*l**3 + l**2 + 23*l - 75. Is b(4) prime?
True
Let h(q) = 85*q**2 + 3*q - 5. Is h(-4) composite?
True
Suppose 165541 = 5*h - 2*k, 139561 = 3*h - 2*k + 40234. Is h a prime number?
True
Suppose -8 + 20 = 3*c. Suppose -2*u - 4*t = 56 - 430, c*u + 2*t = 736. Is u composite?
True
Suppose -2*f = -y - 20247, -5*y = -f + 9665 + 463. Is f composite?
True
Is 11186 - (-2)/4*6 a composite number?
True
Let d = -105912 + 181859. Is d prime?
False
Let o be ((-9)/(-6))/((-6)/(-8)). Is (o + 2 + 5*-1)*-673 a prime number?
True
Let t = 4409 - 1666. Is t a composite number?
True
Suppose -5*q = 4*u + 69, 14 = -3*q - 4*u - 29. Let b = -15 - q. Let j(o) = -79*o + 3. Is j(b) prime?
False
Suppose i = -2*i + 63. Suppose 0*r = -3*r. Let l = r + i. Is l a composite number?
True
Let f(r) = 3922*r**2 + 7*r - 23. Is f(5) a composite number?
True
Let s(q) = 28*q**3 + 7*q**2 + 16*q + 4. Is s(7) prime?
False
Let g = -5 - -8. Suppose g*f + 708 = 9*f. Is f a prime number?
False
Suppose 7 + 2 = -3*n. Is -3 - n - (-1041 - -2) a prime number?
True
Suppose -1 + 41 = 10*l. Let a(v) = 697*v + 1. Is a(l) a composite number?
False
Let t(n) = 396*n**2 + 34*n - 11. Is t(-5) prime?
True
Let i = -408 - -661. Is i a composite number?
True
Suppose 2*f + 3*f = 0, -f + 3353 = a. Is a composite?
True
Suppose -4*i - 3*y = -9827, -4919 = -5*i - 4*y + 7364. Is i a prime number?
True
Let x be 1*(-3 + 2)*-4. Suppose 0 = -x*d - 12. Let o(j) = 39*j**2 + 5*j + 5. Is o(d) a composite number?
True
Let w(q) = q**3 - 10*q**2 + 10*q - 7. Suppose -s - 14 = -2*r, 2*s - s = r - 5. Let y be w(r). Suppose y*f - 261 = -f. Is f a composite number?
True
Let m be (5 + -3)*-253 - -3. Let q = m + -80. Let w = q - -912. Is w composite?
True
Suppose -4*g = -2*b - 25402, 0 = -4*g - 5*b + 31972 - 6535. Is g composite?
False
Let y = -30996 - -80849. Is y a composite number?
False
Let g(y) = 3*y**2 - 3*y - 3. Let z be g(2). Suppose z*p = -6, -3*o - 161 = -5*p - 408. Is o composite?
False
Suppose 4*f - 8 = -4*u, -12*f + 8 = -8*f + u. Suppose -o = -x - 1676, -3*o + 0*x + 5025 = -f*x. Is o a prime number?
False
Suppose -2*p + 12649 = -3*z - 7095, 0 = 2*p - 2*z - 19742. Is p prime?
False
Let s(c) = 13 + 296*c**3 + 0*c**2 - 15 - 1705*c**3 + 3*c**2. Let m be s(-1). Suppose -3*v + 3*t = -m, 3*t - 961 = -3*v + 431. Is v a composite number?
False
Let b be ((-3116)/(-10))/((-42)/(-105)). Suppose -5*r - b = -f, 3116 = f + 3*f - 2*r. Is f prime?
False
Suppose 17 - 1 = 4*l. Let a be (-412)/(-2) - 5/(-5). Suppose -a = l*t - 7*t. Is t a composite number?
True
Let u = -2 + -3. Let s(l) = -l**2 - 5*l + 2. Let m be s(u). Suppose -3*f - m*f = -1905. Is f a composite number?
True
Let m be (1 + 3/15)*40/16. Suppose 0 = -m*j + 47 + 1972. Is j a prime number?
True
Suppose -7*g + 12*g = -10. Is (-1081)/((8/g)/(-4) - 2) prime?
False
Let k(p) = -p**3 + 8*p**2 - 4*p + 43. Let j(i) = -2*i**3 + 17*i**2 - 9*i + 87. Let t(z) = -6*j(z) + 13*k(z). Is t(0) composite?
False
Suppose 0 = -2*l - 52*l + 397926. Is l a prime number?
True
Suppose -3*l + 2*g = -1711, 6*l + 1714 = 9*l + g. Is l a prime number?
True
Let d(q) = q**3 - 5*q**2 + 4*q + 7. Let y be d(8). Suppose l - 205 = y. Is 3/(l/212 - 2) prime?
True
Is (4 - -29600)*(-8)/(-32) prime?
False
Suppose 0 = 6*k - 10*k + 8. Suppose 2377 + 1593 = k*j. Is j prime?
False
Let o(k) = -2451*k + 2. Is o(-1) a prime number?
False
Let g(q) = 1336*q - 18. Let m be g(12). Suppose -4*d - 3866 = 4*c - m, -3*c = -5*d - 9111. Is c prime?
True
Let h = -337 + -335. Let g = -467 - h. Is g prime?
False
Let u = 1859 + -1017. Is u composite?
True
Let m(o) = -o**3 - 10*o**2 - 10. Let c be m(-10). Let r = -15 - c. Let q = 63 + r. Is q composite?
True
Let d be 1/(-1) + 0 - -13. Suppose -3*o + 5*g = -26, -d = 3*o + o + 5*g. Suppose -3*s = h + s - 405, o*s = h - 393. Is h a prime number?
True
Is 2/((-12)/(-84461)) + (-1)/(-6) a prime number?
False
Suppose -12*h = -535082 - 46162. Is h a prime number?
True
Suppose 6*t + t = 21. Suppose t*p = -4*b + 1231, 3*b + 2*p - 427 = 496. Is b prime?
True
Suppose -s + 0*s + 3*j + 1051 = 0, 3*s = 2*j + 3167. Suppose 2*f + 2*w = 3*w + 2102, f - 2*w = s. Is f a composite number?
False
Let v be (6 - 4)*5 + -2. Let x(j) = 6*j**2 - j + 19. Is x(v) composite?
True
Let r(l) = 54*l**2 - l - 36. Is r(7) prime?
False
Let f(i) = 1044*i**2 - 2*i - 19. Is f(3) prime?
True
Suppose 5*g + 0*n + 3*n + 11 = 0, 5*n = -2*g - 12. Is 10*((-364)/(-8) + g) prime?
False
Is 6004 - (4 + (-15 - -8)) a composite number?
False
Suppose 340781 + 10825 = 6*j. Is j a prime number?
True
Let w(n) be the third derivative of 557/6*n**3 - 1/60*n**5 + 9*n**2 + 0 + 0*n - 1/12*n**4. Is w(0) a composite number?
False
Let k = 2845 + -1956. Is k a composite number?
True
Let g(b) = 5223*b**2 + 66*b - 137. Is g(2) composite?
False
Let g(n) = 47*n**2 - 30*n + 41. Is g(6) composite?
False
Suppose 7630 = -3*t - 5*f, t - 5*t - 10158 = -f. Let p = t + 4603. Is p prime?
True
Let b = 636 + 702. Let o be (-43807)/(-1065) - 2/15. Suppose 39*j = o*j - b. Is j a composite number?
True
Let f = -86 + 3445. Is f a composite number?
False
Let d be ((-5)/(-1))/5 - -381. Suppose 0 = 4*q - d - 94. Is q prime?
False
Let l(j) = -j + 1. Let x be l(-4). Suppose -4*a + 1684 = -b, -3*a + x*b = 4*b - 1262. Is a prime?
False
Suppose -16 = -2*s - 3*h, 0*s - s - 14 = -4*h. Let b(q) = 276*q - 1. Is b(s) a prime number?
False
Let y = -1 + 1. Suppose 0 = -3*f + 6, 71 = 2*h - 3*f - 9. Suppose -5*p + 653 = m + h, -p - 4*m + 141 = y. Is p a composite number?
True
Let o(n) = -6*n**3 + 8*n**2 + 6*n + 14. Is o(-4) composite?
True
Let m = -189 + 909. Let y = 349 + m. Is y prime?
True
Let q(h) = h**2 - 5*h + 6. Let y be q(3). Suppose -5*p - 1380 = 5*a, y = 2*a + 4*p + 81 + 469. Is a*(3 - (3 - -1)) composite?
False
Let z(m) = 1711*m - 6. Let w(i) = -i + 1. Let x(c) = 3*w(c) + z(c). Is x(2) a composite number?
False
Let z = 22 + -11. Let c = z + -9. Suppose 5*r - c*r - 93 = 0. Is r a prime number?
True
Let k(s) = -111*s - 47. Is k(-12) a prime number?
False
Let g = 21 - 19. Suppose -2*d + 4 + g = 0. Suppose -2*j = -j + 2*u - 123, d*u = 5*j - 550. Is j composite?
False
Suppose 5*p - 2*p - 6 = 0. Let b = 8 - p. Suppose b*i - 1495 = i. Is i composite?
True
Let b(t) = 5*t**2 + t - 71. Is b(-10) a composite number?
False
Let b be 1 + 549 - 0/(-2 + 6). Suppose 2*o - 5356 = b. Is o composite?
False
Suppose -4*d - k + 45861 = -128811, 4*d - 174688 = 3*k. Is d prime?
True
Suppose -i - 30 = -6*i. Is (20/i)/((-4)/(-12)) composite?
True
Suppose 5*k - 3*k - 4 = 0. Let j be k + 3 + -5 + 2. Suppose 4*h + j*b - 191 = 511, -4*h + 693 = 5*b. Is h a composite number?
True
Is (-7885)/166*(-5468)/10 a prime number?
False
Suppose -4*z - 125 = z. Let j be (-1236)/(-10) - 10/z. Suppose j = 2*c - 0*c + 5*p, -2*c - 4*p = -126. Is c a prime number?
True
Let m be (-6)/(-5)*(-1 - 9). Let n = m - -10. Is (1/n)/(5/(-690)) prime?
False
Suppose -12*x + 240306 + 1770 = 0. Is x a composite number?
False
Let m = -137 - -119. Is (242272/(-36))/(-8) + 4/m prime?
False
Let n(c) = -c + 15. Let d be n(13